ulate the remainder when 405868 is divided by 339.
85
What is the remainder when 539538 is divided by 5679?
33
What is the remainder when 15318348 is divided by 551?
548
What is the remainder when 2921363 is divided by 730275?
263
Calculate the remainder when 5652638 is divided by 47.
42
Calculate the remainder when 97535097 is divided by 2683.
2681
Calculate the remainder when 37933 is divided by 4964.
3185
What is the remainder when 4084348 is divided by 583473?
37
Calculate the remainder when 27367300 is divided by 2356.
4
What is the remainder when 10141590 is divided by 33?
30
What is the remainder when 18588697 is divided by 27?
7
Calculate the remainder when 26461 is divided by 306.
145
What is the remainder when 190075 is divided by 96?
91
What is the remainder when 43578 is divided by 21778?
22
What is the remainder when 2113444 is divided by 3108?
4
Calculate the remainder when 3037033 is divided by 3367.
3366
Calculate the remainder when 1095112 is divided by 78215.
102
Calculate the remainder when 6345292 is divided by 156.
148
Calculate the remainder when 5116618 is divided by 300977.
9
What is the remainder when 6907613 is divided by 6907588?
25
What is the remainder when 128367267 is divided by 90?
87
Calculate the remainder when 828123 is divided by 22.
21
Calculate the remainder when 569266 is divided by 603.
34
What is the remainder when 355505 is divided by 59231?
119
What is the remainder when 280122 is divided by 442?
336
Calculate the remainder when 258106 is divided by 51615.
31
Calculate the remainder when 21348 is divided by 353.
168
What is the remainder when 4480391 is divided by 7944?
7919
What is the remainder when 239188218 is divided by 237?
234
What is the remainder when 19611819 is divided by 115?
64
What is the remainder when 3112896 is divided by 67667?
214
Calculate the remainder when 1784965 is divided by 1784959.
6
What is the remainder when 3800489 is divided by 200020?
109
Calculate the remainder when 90179445 is divided by 12882776.
13
Calculate the remainder when 8786161 is divided by 14.
13
Calculate the remainder when 63765 is divided by 4539.
219
What is the remainder when 103107 is divided by 43?
36
Calculate the remainder when 163572 is divided by 7.
3
Calculate the remainder when 13955867 is divided by 290747.
11
Calculate the remainder when 768442 is divided by 227.
47
What is the remainder when 106839 is divided by 3583?
2932
Calculate the remainder when 381848 is divided by 11230.
28
Calculate the remainder when 8871 is divided by 8823.
48
What is the remainder when 310554 is divided by 658?
636
Calculate the remainder when 309099 is divided by 30890.
199
Calculate the remainder when 18205890 is divided by 535467.
12
Calculate the remainder when 80225 is divided by 25685.
3170
What is the remainder when 743690 is divided by 12274?
7250
What is the remainder when 730863 is divided by 2087?
413
What is the remainder when 5402859 is divided by 1338?
15
What is the remainder when 517492581 is divided by 61?
57
Calculate the remainder when 190343 is divided by 46.
41
What is the remainder when 46137890 is divided by 158?
152
Calculate the remainder when 647189 is divided by 982.
51
Calculate the remainder when 116237 is divided by 84.
65
What is the remainder when 3986965 is divided by 869?
862
What is the remainder when 1034552 is divided by 5812?
16
Calculate the remainder when 282512 is divided by 22.
10
What is the remainder when 4193621 is divided by 838721?
16
What is the remainder when 76253 is divided by 37649?
955
Calculate the remainder when 73027 is divided by 1260.
1207
What is the remainder when 576730 is divided by 8606?
128
What is the remainder when 884562 is divided by 12816?
258
What is the remainder when 109134460 is divided by 2281?
15
What is the remainder when 1073524 is divided by 2973?
271
Calculate the remainder when 21292616 is divided by 1340.
16
What is the remainder when 323457 is divided by 838?
827
Calculate the remainder when 307690 is divided by 43622.
2336
Calculate the remainder when 331213 is divided by 6494.
19
Calculate the remainder when 5251280 is divided by 708.
44
What is the remainder when 177159447 is divided by 1833?
1830
Calculate the remainder when 28913817 is divided by 130.
127
What is the remainder when 96566 is divided by 247?
236
Calculate the remainder when 25594882 is divided by 27700.
82
Calculate the remainder when 22244865 is divided by 1711142.
19
Calculate the remainder when 1867156 is divided by 31.
26
What is the remainder when 560606 is divided by 4080?
1646
What is the remainder when 223622 is divided by 223549?
73
What is the remainder when 4314869 is divided by 24938?
595
What is the remainder when 481148 is divided by 2089?
678
Calculate the remainder when 4001510 is divided by 6.
2
Calculate the remainder when 2068068 is divided by 11492.
11000
Calculate the remainder when 166674 is divided by 5145.
2034
Calculate the remainder when 56799 is divided by 145.
104
Calculate the remainder when 36132503 is divided by 46.
9
Calculate the remainder when 47044 is divided by 1462.
260
What is the remainder when 1216920 is divided by 1216842?
78
Calculate the remainder when 145730 is divided by 48531.
137
What is the remainder when 121387 is divided by 40093?
1108
What is the remainder when 2756496 is divided by 1331?
1326
Calculate the remainder when 31386188 is divided by 20.
8
Calculate the remainder when 88550 is divided by 8836.
190
Calculate the remainder when 33938906 is divided by 71.
54
What is the remainder when 38793895 is divided by 125?
20
What is the remainder when 1272101 is divided by 27061?
234
What is the remainder when 1214786 is divided by 87?
5
Calculate the remainder when 2244911 is divided by 40.
31
What is the remainder when 2656118 is divided by 39?
23
Calculate the remainder when 201751 is divided by 2755.
636
What is the remainder when 3518788 is divided by 142?
28
Calculate the remainder when 16068 is divided by 10800.
5268
What is the remainder when 327564 is divided by 3342?
48
What is the remainder when 392749 is divided by 893?
722
What is the remainder when 6778319 is divided by 183195?
104
Calculate the remainder when 459585 is divided by 152955.
720
What is the remainder when 6183663 is divided by 348?
51
What is the remainder when 219869738 is divided by 3214?
3212
What is the remainder when 10912701 is divided by 1056?
1053
Calculate the remainder when 2065595 is divided by 172110.
275
Calculate the remainder when 18026282 is divided by 9013137.
8
What is the remainder when 649873 is divided by 258?
229
Calculate the remainder when 46813 is divided by 5651.
1605
What is the remainder when 23362 is divided by 579?
202
What is the remainder when 761254 is divided by 108748?
18
Calculate the remainder when 48481 is divided by 4604.
2441
What is the remainder when 406536 is divided by 101604?
120
What is the remainder when 81984 is divided by 81782?
202
Calculate the remainder when 6515588 is divided by 339.
8
What is the remainder when 12580 is divided by 5874?
832
What is the remainder when 1537377 is divided by 3183?
3171
Calculate the remainder when 1010044 is divided by 144.
28
Calculate the remainder when 5317380 is divided by 5317374.
6
What is the remainder when 40296027 is divided by 105?
72
Calculate the remainder when 51545800 is divided by 162.
154
Calculate the remainder when 293252 is divided by 4888.
4860
Calculate the remainder when 140589 is divided by 15572.
441
Calculate the remainder when 1620358 is divided by 20773.
64
Calculate the remainder when 1093034 is divided by 49.
40
What is the remainder when 271126669 is divided by 14810?
14809
Calculate the remainder when 519536 is divided by 164.
148
Calculate the remainder when 44793853 is divided by 249.
247
What is the remainder when 20008488 is divided by 229?
71
Calculate the remainder when 4368847 is divided by 7886.
3
What is the remainder when 5340719 is divided by 880?
879
Calculate the remainder when 50291546 is divided by 851.
850
Calculate the remainder when 135324 is divided by 135162.
162
What is the remainder when 4800328 is divided by 192013?
3
Calculate the remainder when 22604 is divided by 22583.
21
What is the remainde